0694.
2, 5347
List the prime factors of 1256.
2, 157
What are the prime factors of 12378?
2, 3, 2063
What are the prime factors of 10816?
2, 13
What are the prime factors of 55626?
2, 3, 73, 127
List the prime factors of 4319.
7, 617
What are the prime factors of 2916?
2, 3
List the prime factors of 171504.
2, 3, 397
What are the prime factors of 106334?
2, 79, 673
List the prime factors of 759.
3, 11, 23
List the prime factors of 14886.
2, 3, 827
What are the prime factors of 517?
11, 47
List the prime factors of 22682.
2, 11, 1031
What are the prime factors of 234?
2, 3, 13
What are the prime factors of 56240?
2, 5, 19, 37
List the prime factors of 505.
5, 101
What are the prime factors of 17656?
2, 2207
List the prime factors of 709.
709
List the prime factors of 11584.
2, 181
What are the prime factors of 42182?
2, 7, 23, 131
What are the prime factors of 36259?
101, 359
List the prime factors of 1801.
1801
What are the prime factors of 31516?
2, 7879
List the prime factors of 5804.
2, 1451
List the prime factors of 99637.
17, 5861
List the prime factors of 13991.
17, 823
List the prime factors of 7709.
13, 593
List the prime factors of 17600.
2, 5, 11
List the prime factors of 900.
2, 3, 5
What are the prime factors of 3370?
2, 5, 337
List the prime factors of 793.
13, 61
List the prime factors of 5080.
2, 5, 127
What are the prime factors of 30049?
151, 199
What are the prime factors of 3023?
3023
List the prime factors of 8864.
2, 277
What are the prime factors of 349?
349
List the prime factors of 33662.
2, 16831
What are the prime factors of 3856?
2, 241
List the prime factors of 8434.
2, 4217
List the prime factors of 510.
2, 3, 5, 17
List the prime factors of 1905.
3, 5, 127
What are the prime factors of 29247?
3, 9749
What are the prime factors of 11083?
11083
What are the prime factors of 2375?
5, 19
List the prime factors of 60635.
5, 67, 181
List the prime factors of 534.
2, 3, 89
What are the prime factors of 104927?
317, 331
What are the prime factors of 136047?
3, 101, 449
List the prime factors of 5776.
2, 19
What are the prime factors of 205?
5, 41
What are the prime factors of 203?
7, 29
What are the prime factors of 1367?
1367
List the prime factors of 682.
2, 11, 31
What are the prime factors of 453?
3, 151
What are the prime factors of 2557?
2557
List the prime factors of 2694.
2, 3, 449
What are the prime factors of 27048?
2, 3, 7, 23
What are the prime factors of 50043?
3, 7, 2383
List the prime factors of 950.
2, 5, 19
List the prime factors of 21952.
2, 7
List the prime factors of 3699.
3, 137
What are the prime factors of 2383?
2383
List the prime factors of 4102.
2, 7, 293
What are the prime factors of 1739?
37, 47
What are the prime factors of 2475?
3, 5, 11
What are the prime factors of 29511?
3, 1093
What are the prime factors of 1705?
5, 11, 31
List the prime factors of 8317.
8317
List the prime factors of 1092.
2, 3, 7, 13
What are the prime factors of 42815?
5, 8563
List the prime factors of 3704.
2, 463
List the prime factors of 2004.
2, 3, 167
What are the prime factors of 5141?
53, 97
List the prime factors of 33643.
17, 1979
List the prime factors of 15037.
11, 1367
List the prime factors of 3744.
2, 3, 13
List the prime factors of 6190.
2, 5, 619
List the prime factors of 4257.
3, 11, 43
What are the prime factors of 2141?
2141
List the prime factors of 50693.
163, 311
List the prime factors of 26139.
3, 8713
List the prime factors of 1037.
17, 61
List the prime factors of 827.
827
What are the prime factors of 21?
3, 7
List the prime factors of 73892.
2, 7, 13, 29
List the prime factors of 676.
2, 13
What are the prime factors of 7611?
3, 43, 59
What are the prime factors of 14357?
7, 293
What are the prime factors of 4420?
2, 5, 13, 17
What are the prime factors of 1864?
2, 233
List the prime factors of 8451.
3, 313
What are the prime factors of 40417?
13, 3109
List the prime factors of 9003.
3, 3001
List the prime factors of 41620.
2, 5, 2081
List the prime factors of 5340.
2, 3, 5, 89
List the prime factors of 1301.
1301
List the prime factors of 727.
727
What are the prime factors of 3190?
2, 5, 11, 29
What are the prime factors of 3268?
2, 19, 43
What are the prime factors of 123391?
163, 757
What are the prime factors of 1945?
5, 389
List the prime factors of 12352.
2, 193
List the prime factors of 296.
2, 37
What are the prime factors of 13413?
3, 17, 263
What are the prime factors of 4690?
2, 5, 7, 67
What are the prime factors of 145742?
2, 72871
What are the prime factors of 7179?
3, 2393
What are the prime factors of 17527?
17, 1031
List the prime factors of 116558.
2, 13, 4483
What are the prime factors of 65015?
5, 13003
What are the prime factors of 848?
2, 53
List the prime factors of 108658.
2, 11, 449
List the prime factors of 792.
2, 3, 11
List the prime factors of 1341.
3, 149
What are the prime factors of 474?
2, 3, 79
List the prime factors of 579.
3, 193
List the prime factors of 36523.
36523
What are the prime factors of 5910?
2, 3, 5, 197
List the prime factors of 4003.
4003
What are the prime factors of 1198?
2, 599
List the prime factors of 79230.
2, 3, 5, 19, 139
List the prime factors of 3546.
2, 3, 197
List the prime factors of 3142.
2, 1571
List the prime factors of 2158.
2, 13, 83
What are the prime factors of 722?
2, 19
What are the prime factors of 29762?
2, 23, 647
List the prime factors of 2455.
5, 491
What are the prime factors of 1366?
2, 683
What are the prime factors of 4391?
4391
List the prime factors of 33757.
33757
What are the prime factors of 1580?
2, 5, 79
List the prime factors of 92.
2, 23
What are the prime factors of 3378?
2, 3, 563
List the prime factors of 10451.
7, 1493
List the prime factors of 133.
7, 19
What are the prime factors of 15620?
2, 5, 11, 71
What are the prime factors of 1147?
31, 37
What are the prime factors of 4917?
3, 11, 149
List the prime factors of 67633.
47, 1439
List the prime factors of 1516.
2, 379
List the prime factors of 7076.
2, 29, 61
List the prime factors of 37800.
2, 3, 5, 7
What are the prime factors of 2406?
2, 3, 401
What are the prime factors of 23510?
2, 5, 2351
What are the prime factors of 61213?
41, 1493
What are the prime factors of 833?
7, 17
What are the prime factors of 1123?
1123
What are the prime factors of 995?
5, 199
List the prime factors of 21441.
3, 7, 1021
List the prime factors of 47101.
19, 37, 67
What are the prime factors of 6801?
3, 2267
What are the prime factors of 2819?
2819
What are the prime factors of 9682?
2, 47, 103
List the prime factors of 4186.
2, 7, 13, 23
List the prime factors of 25589.
25589
What are the prime factors of 66?
2, 3, 11
What are the prime factors of 1222?
2, 13, 47
What are the prime factors of 6241?
79
List the prime factors of 23609.
23609
What are the prime factors of 23406?
2, 3, 47, 83
What are the prime factors of 74069?
17, 4357
What are the prime factors of 1508?
2, 13, 29
List the prime factors of 1079.
13, 83
What are the prime factors of 4874?
2, 2437
What are the prime factors of 26904?
2, 3, 19, 59
What are the prime factors of 10729?
10729
List the prime factors of 24681.
3, 19, 433
What are the prime factors of 1412?
2, 353
List the prime factors of 7072.
2, 13, 17
What are the prime factors of 1123?
1123
What are the prime factors of 1764?
2, 3, 7
What are the prime factors of 1562?
2, 11, 71
List the prime factors of 271.
271
What are the prime factors of 910?
2, 5, 7, 13
List the prime factors of 32590.
2, 5, 3259
List the prime factors of 1116.
2, 3, 31
List the prime factors of 5607.
3, 7, 89
List the prime factors of 29166.
2, 3, 4861
List the prime factors of 1719.
3, 191
What are the prime factors of 22635?
3, 5, 503
List the prime factors of 43122.
2, 3, 7187
List the prime factors of 29685.
3, 5, 1979
List the prime factors of 128591.
128591
List the prime factors of 1260.
2, 3, 5, 7
What are the prime factors of 1802?
2, 17, 53
List the prime factors of 903.
3, 7, 43
List the prime factors of 7690.
2, 5, 769
What are the prime factors of 112?
2, 7
What are the prime factors of 1206?
2, 3, 67
List the prime factors of 957.
3, 11, 29
List the prime factors of 30760.
2, 5, 769
What are the prime factors of 16811?
16811
List the prime fa